9874009?
True
Is 200 a factor of 5639200?
True
Is 65 a factor of 35100683?
False
Does 1584 divide 1182230708?
False
Does 804 divide 157252442?
False
Is 10 a factor of 74360550?
True
Is 2712 a factor of 114205032?
True
Is 30200047 a multiple of 66?
False
Does 45 divide 3431601334?
False
Is 70 a factor of 358120?
True
Is 94606749 a multiple of 406?
False
Is 39 a factor of 474705713?
False
Is 3882 a factor of 629641209?
False
Is 27 a factor of 4351590?
True
Does 63 divide 92498265?
False
Is 226913380 a multiple of 3?
False
Does 177 divide 54301476?
True
Does 472 divide 59178648?
False
Is 4685 a factor of 1489010125?
True
Is 489428293 a multiple of 5?
False
Is 286 a factor of 35844993?
False
Is 55 a factor of 43594870?
True
Does 642 divide 102817233?
False
Is 4428928 a multiple of 7?
True
Is 41 a factor of 7104047245?
True
Does 26 divide 164490976?
True
Is 43662817 a multiple of 209?
True
Does 48 divide 102698915?
False
Is 707933443 a multiple of 554?
False
Does 706 divide 2210647432?
False
Is 604 a factor of 832666548?
True
Does 31 divide 1183427387?
True
Does 281 divide 18615688?
True
Does 46 divide 36122659?
False
Is 12979694 a multiple of 182?
True
Is 51210830 a multiple of 1612?
False
Is 65221758 a multiple of 18?
True
Is 206126677 a multiple of 27?
False
Does 15 divide 34157741?
False
Does 637 divide 4762699903?
False
Is 189846939 a multiple of 56?
False
Is 1457 a factor of 190925359?
False
Is 409 a factor of 2678090289?
False
Is 137616887 a multiple of 5?
False
Does 1113 divide 23752313?
False
Does 1275 divide 5990485500?
True
Is 1170452338 a multiple of 12?
False
Is 51 a factor of 3079451502?
True
Is 594 a factor of 80780834?
False
Does 4811 divide 1085819250?
False
Is 426 a factor of 1212956190?
True
Is 221 a factor of 13480779?
True
Is 2073499 a multiple of 95?
False
Does 6402 divide 653661541?
False
Does 135 divide 22659987?
False
Is 525 a factor of 1492800298?
False
Is 13 a factor of 34980194?
False
Is 133 a factor of 67788462?
False
Is 1289 a factor of 51631370?
False
Is 12211742 a multiple of 43?
True
Is 568196988 a multiple of 556?
False
Is 453504622 a multiple of 124?
False
Is 4858 a factor of 142222808?
True
Does 7 divide 19757626?
True
Does 34 divide 480814230?
True
Is 12943960 a multiple of 40?
True
Is 67 a factor of 234002391?
True
Does 33 divide 134586864?
False
Is 17275656 a multiple of 1192?
True
Is 39736632 a multiple of 507?
True
Is 115 a factor of 5406150?
True
Is 42455480 a multiple of 8?
True
Does 19 divide 504552197?
False
Is 64 a factor of 95643200?
True
Is 5206 a factor of 4451130?
True
Is 27128280 a multiple of 15?
True
Does 1099 divide 67632626?
False
Does 228 divide 2062378560?
True
Is 2164 a factor of 23981448?
True
Is 47399534 a multiple of 13?
True
Is 533755040 a multiple of 14?
True
Is 1572 a factor of 35590080?
True
Is 2959 a factor of 733869508?
False
Does 16 divide 51635374?
False
Does 3735 divide 1591994501?
False
Does 25 divide 1755746860?
False
Is 1867 a factor of 253269752?
True
Is 50 a factor of 302818100?
True
Does 370 divide 602141700?
True
Is 418755418 a multiple of 738?
False
Is 342 a factor of 74310087?
False
Does 42 divide 534115660?
False
Is 109676660 a multiple of 239?
False
Does 2209 divide 3278617681?
True
Does 5796 divide 7400720?
False
Is 25000083 a multiple of 36?
False
Is 561 a factor of 8569289?
False
Is 21564871 a multiple of 4?
False
Does 1001 divide 265635?
False
Is 310380056 a multiple of 3563?
True
Is 560504 a multiple of 67?
False
Is 30 a factor of 226512510?
True
Does 996 divide 27701188?
False
Is 88058409 a multiple of 591?
True
Does 559 divide 107943262?
False
Is 486 a factor of 174201291?
False
Is 1353 a factor of 580577506?
False
Is 106084384 a multiple of 21?
False
Is 8 a factor of 51329664?
True
Is 553227860 a multiple of 388?
True
Is 4 a factor of 8085598?
False
Does 60 divide 15934236?
False
Is 46476616 a multiple of 23?
False
Is 104 a factor of 57824897?
False
Is 5 a factor of 104297130?
True
Is 95653976 a multiple of 44?
True
Is 297082497 a multiple of 2376?
False
Is 1692644700 a multiple of 150?
True
Is 2 a factor of 50697110?
True
Is 52679760 a multiple of 83?
False
Does 2 divide 33166200?
True
Does 159 divide 3891337?
False
Is 253434753 a multiple of 3?
True
Is 9 a factor of 106979688?
True
Does 425 divide 204127075?
True
Is 9 a factor of 283048500?
False
Does 1449 divide 11660611?
False
Is 95715132 a multiple of 151?
False
Is 23 a factor of 376146426?
False
Is 26181541 a multiple of 77?
False
Does 849 divide 1874409465?
True
Is 2039848 a multiple of 8?
True
Does 448 divide 415327022?
False
Does 3 divide 349550?
False
Is 505 a factor of 55873200?
True
Is 974876353 a multiple of 5192?
False
Is 276833183 a multiple of 11?
True
Is 1884 a factor of 10416636?
True
Is 63 a factor of 67795434?
True
Is 787 a factor of 123601498?
True
Is 70489011 a multiple of 71?
False
Is 680236912 a multiple of 566?
True
Is 22637230 a multiple of 255?
False
Is 39928970 a multiple of 10?
True
Is 3714186193 a multiple of 647?
False
Is 14 a factor of 69328857?
False
Is 310 a factor of 432292482?
False
Is 86349078 a multiple of 1143?
True
Does 110 divide 4819485?
False
Does 2133 divide 24045309?
True
Is 1612 a factor of 55685759?
False
Is 10 a factor of 50893260?
True
Does 12 divide 307820346?
False
Is 779 a factor of 1498277176?
False
Does 97 divide 1103160145?
True
Is 109399572 a multiple of 572?
False
Is 89975252 a multiple of 2107?
False
Is 3824 a factor of 737007419?
False
Does 6 divide 379291374?
True
Is 1779885 a multiple of 15?
True
Is 54 a factor of 236633090?
False
Is 1759 a factor of 1801998755?
True
Does 24 divide 565137053?
False
Does 1185 divide 663674655?
True
Is 124 a factor of 37816528?
True
Does 314 divide 66047807?
False
Is 230 a factor of 2004787725?
False
Is 3392440386 a multiple of 74?
True
Is 52 a factor of 711985352?
True
Is 35 a factor of 58406883?
False
Does 3579 divide 128639997?
True
Is 2465 a factor of 18435735?
True
Is 408867510 a multiple of 269?
False
Does 111 divide 128528938?
False
Does 1032 divide 160505928?
True
Is 4484690846 a multiple of 1255?
False
Is 634 a factor of 99695232?
True
Does 648 divide 14979816?
True
Does 132 divide 756322863?
False
Does 44 divide 8248029?
False
Is 13044519 a multiple of 71?
False
Is 837754215 a multiple of 8?
False
Is 54294680 a multiple of 440?
True
Is 921895926 a multiple of 14?
True
Does 24 divide 8943912?
True
Is 16511827 a multiple of 24?
False
Is 118006348 a multiple of 94?
False
Does 6 divide 17034246?
True
Is 1924844052 a multiple of 7?
False
Is 568253719 a multiple of 11?
True
Is 3541 a factor of 2030520545?
False
Is 13 a factor of 69371159?
True
Does 1562 divide 64226316?
True
Does 171 divide 20570103?
True
Is 90 a factor of 372946856?
False
Does 2856 divide 253378608?
True
Is 3966 a factor of 440552945?
False
Does 50 divide 13145150?
True
Is 3877894 a multiple of 245?
False
Is 20494188 a multiple of 26?
True
Is 1215 a factor of 105103575?
True
Is 78 a factor of 277245462?
True
Does 689 divide 302668939?
False
Does 22 divide 41503858?
True
Does 11 divide 41259807?
False
Is 1555 a factor of 88084530?
True
Is 2609966760 a multiple of 40?
True
Is 573295929 a multiple of 4229?
False
Does 82 divide 202139758?
True
Is 505 a factor of 8835985?
True
Does 134 divide 267552440?
True
Is 615 a factor of 3727707495?
True
Does 5779 divide 48127512?
True
Is 20 a factor of 2793964900?
True
Is 3671 a factor of 273619651?
False
Is 13535813 a multiple of 310?
False
Does 17 divide 26171041?
True
Is 13 a factor of 100730136?
True
Does 3 divide 245531298?
True
Does 10 divide 115900510?
True
Is 16 a factor of 391966624?
True
Is 124 a factor of 160153596?
False
Does 162 divide 64874358?
True
Is 21676626 a multiple of 18?
True
Is 1818263590 a multiple of 286?
True
Is 297239975 a multiple of 5?
True
Is 11 a factor of 400881470?
True
Is 85 a factor of 804142840?
True
Does 11 divide 84383346?
False
Does 316 divide 13725887?
False
Is 9448212 a multiple of 9?
False
Is 40684966 a multiple of 22?
False
Does 3 divide 396986000?
False
Does 2119 divide 170948206?
True
Is 76 a factor of 1641271472?
False
Is 3268 a factor of 176688637?
False
Is 228 a factor of 24506124?
True
Is 131717943 a multiple of 77?
False
Is 34 a factor of 205551590?
True
Is 1